{"id":376,"date":"2015-08-07T19:05:06","date_gmt":"2015-08-07T17:05:06","guid":{"rendered":"http:\/\/jugend.ufra-schach.de\/?page_id=376"},"modified":"2017-09-10T17:20:00","modified_gmt":"2017-09-10T15:20:00","slug":"weitere-turniere","status":"publish","type":"page","link":"https:\/\/jugend.ufra-schach.de\/index.php\/weitere-turniere\/","title":{"rendered":"Weitere Turniere"},"content":{"rendered":"<h2>Weitere Turniere in Unterfranken<\/h2>\n<p>Zus\u00e4tzlich zu den Turnieren und Meisterschaften, die von der Unterfr\u00e4nkischen Schachjugend regelm\u00e4\u00dfig ausgerichtet werden, finden weitere Turniere in Unterfranken statt. Informationen zu diesen Turnieren bzw. den Ergebnissen sind in diesem Men\u00fcpunkt zu finden.<\/p>\n<h2>Weitere Turniere mit Teilnehmern aus Unterfranken<\/h2>\n<p>Bei den Turnieren und Meisterschaften der Unterfr\u00e4nkischen Schachjugend qualifizieren sich jedes Jahr zahlreiche Spielerinnen und Spieler aus Unterfranken f\u00fcr die \u00fcberregionalen Turniere und Meisterschaften auf bayerischer und deutscher Ebene. Informationen zu den Ergebnissen der unterfr\u00e4nkischen Teilnehmer bei \u00fcberregionalen Veranstaltungen sind in diesem Men\u00fcpunkt zu finden.<\/p>\n<h2>Aktuelle und fr\u00fchere weitere Turniere<\/h2>\n<p><a href=\"https:\/\/jugend.ufra-schach.de\/index.php\/weitere-turniere\/weitere-turniere-20172018\/\">Weitere Turniere 2017\/2018<\/a><\/p>\n<p><a href=\"https:\/\/jugend.ufra-schach.de\/index.php\/weitere-turniere\/weitere-turniere-20162017\/\">Weitere Turniere 2016\/2017<\/a><\/p>\n<p><a href=\"https:\/\/jugend.ufra-schach.de\/index.php\/weitere-turniere\/weitere-turniere-20152016\/\">Weitere Turniere 2015\/2016<\/a><\/p>\n<p><a href=\"https:\/\/jugend.ufra-schach.de\/archiv\/diverse_turniere.html\" target=\"_blank\">Weitere Turniere bis 2014\/2015 (\u00fcber die fr\u00fchere Website)<\/a><\/p>\n<p>&nbsp;<\/p>\n","protected":false},"excerpt":{"rendered":"<p>Weitere Turniere in Unterfranken Zus\u00e4tzlich zu den Turnieren und Meisterschaften, die von der Unterfr\u00e4nkischen Schachjugend regelm\u00e4\u00dfig ausgerichtet werden, finden weitere Turniere in Unterfranken statt. Informationen zu diesen Turnieren bzw. den [&hellip;]<\/p>\n","protected":false},"author":1,"featured_media":0,"parent":0,"menu_order":0,"comment_status":"closed","ping_status":"closed","template":"","meta":{"footnotes":""},"class_list":["post-376","page","type-page","status-publish","hentry"],"_links":{"self":[{"href":"https:\/\/jugend.ufra-schach.de\/index.php\/wp-json\/wp\/v2\/pages\/376","targetHints":{"allow":["GET"]}}],"collection":[{"href":"https:\/\/jugend.ufra-schach.de\/index.php\/wp-json\/wp\/v2\/pages"}],"about":[{"href":"https:\/\/jugend.ufra-schach.de\/index.php\/wp-json\/wp\/v2\/types\/page"}],"author":[{"embeddable":true,"href":"https:\/\/jugend.ufra-schach.de\/index.php\/wp-json\/wp\/v2\/users\/1"}],"replies":[{"embeddable":true,"href":"https:\/\/jugend.ufra-schach.de\/index.php\/wp-json\/wp\/v2\/comments?post=376"}],"version-history":[{"count":0,"href":"https:\/\/jugend.ufra-schach.de\/index.php\/wp-json\/wp\/v2\/pages\/376\/revisions"}],"wp:attachment":[{"href":"https:\/\/jugend.ufra-schach.de\/index.php\/wp-json\/wp\/v2\/media?parent=376"}],"curies":[{"name":"wp","href":"https:\/\/api.w.org\/{rel}","templated":true}]}}