{"id":3719,"date":"2017-09-02T21:38:18","date_gmt":"2017-09-02T19:38:18","guid":{"rendered":"http:\/\/jugend.ufra-schach.de\/?page_id=3719"},"modified":"2018-01-30T20:34:57","modified_gmt":"2018-01-30T19:34:57","slug":"schulschach-20172018","status":"publish","type":"page","link":"https:\/\/jugend.ufra-schach.de\/index.php\/schulschach\/schulschach-20172018\/","title":{"rendered":"Schulschach 2017\/2018"},"content":{"rendered":"<h3 class=\"widget-title\">Unterfr\u00e4nkische Schulschachmeisterschaften<\/h3>\n<p><span class=\"icon_pushpin\">&nbsp;&nbsp;<\/span> Aschaffenburg<br \/>\n<span class=\"icon_calendar\">&nbsp;&nbsp;<\/span> 27.01.2018<br \/>\n<span class=\"icon_pencil\">&nbsp;&nbsp;<\/span> <a href=\"https:\/\/jugend.ufra-schach.de\/wp-content\/uploads\/2018\/01\/SchulschachmeisterschaftenAusschr2018.pdf\">Ausschreibung<\/a><br \/>\n<span class=\"icon_table\">&nbsp;&nbsp;<\/span> <a href=\"https:\/\/jugend.ufra-schach.de\/index.php\/schulschach\/schulschach-20172018\/#ss18ergebnisse\">Ergebnisse<\/a><br \/>\n<!--- <span class=\"icon_document\">&nbsp;&nbsp;<\/span> Bericht\n<span class=\"icon_image\">&nbsp;&nbsp;<\/span> Bildergalerie ---><\/p>\n<p><span id=\u201css18ergebnisse\u201c\/>\n<table id=\"tablepress-525\" class=\"tablepress tablepress-id-525\">\n<thead>\n<tr class=\"row-1\">\n\t<th class=\"column-1\">WK 1<\/th><th class=\"column-2\">WK 2<\/th><th class=\"column-3\">WK 4<\/th><th class=\"column-4\">WK MS M<\/th><th class=\"column-5\">Wk GS<\/th>\n<\/tr>\n<\/thead>\n<tbody class=\"row-striping row-hover\">\n<tr class=\"row-2\">\n\t<td class=\"column-1\"><a href=\"http:\/\/jugend.ufra-schach.de\/index.php\/schulschach\/schulschach-20172018\/schulschach-20172018-wk-1\/#ss18mannwk1\" target=\"_blank\">Mannschaften<\/a><br \/>\n<\/td><td class=\"column-2\"><a href=\"http:\/\/jugend.ufra-schach.de\/index.php\/schulschach\/schulschach-20172018\/schulschach-20172018-wk-2\/#ss18mannwk2\" target=\"_blank\">Mannschaften<\/a><\/td><td class=\"column-3\"><a href=\"http:\/\/jugend.ufra-schach.de\/index.php\/schulschach\/schulschach-20172018\/schulschach-20172018-wk-4\/#ss18mannwk4\" target=\"_blank\">Mannschaften<\/a><\/td><td class=\"column-4\"><a href=\"http:\/\/jugend.ufra-schach.de\/index.php\/schulschach\/schulschach-20172018\/schulschach-20172018-wk-ms-m\/#ss18mannwkmsm\" target=\"_blank\">Mannschaften<\/a><\/td><td class=\"column-5\"><a href=\"http:\/\/jugend.ufra-schach.de\/index.php\/schulschach\/schulschach-20172018\/schulschach-20172018-wk-gs\/#ss18mannwkgs\" target=\"_blank\">Mannschaften<\/a><\/td>\n<\/tr>\n<tr class=\"row-3\">\n\t<td class=\"column-1\"><a href=\"http:\/\/jugend.ufra-schach.de\/index.php\/schulschach\/schulschach-20172018\/schulschach-20172018-wk-1\/#ss18paarwk1\" target=\"_blank\">Paarungsliste<\/a><\/td><td class=\"column-2\"><a href=\"http:\/\/jugend.ufra-schach.de\/index.php\/schulschach\/schulschach-20172018\/schulschach-20172018-wk-2\/#ss18paarwk2\" target=\"_blank\">Paarungsliste<\/a><\/td><td class=\"column-3\"><a href=\"http:\/\/jugend.ufra-schach.de\/index.php\/schulschach\/schulschach-20172018\/schulschach-20172018-wk-4\/#ss18paarwk4\" target=\"_blank\">Paarungsliste<\/a><\/td><td class=\"column-4\"><a href=\"http:\/\/jugend.ufra-schach.de\/index.php\/schulschach\/schulschach-20172018\/schulschach-20172018-wk-ms-m\/#ss18paarwkmsm\" target=\"_blank\">Paarungsliste<\/a><\/td><td class=\"column-5\"><a href=\"http:\/\/jugend.ufra-schach.de\/index.php\/schulschach\/schulschach-20172018\/schulschach-20172018-wk-gs\/#ss18paarwkgs\" target=\"_blank\">Paarungsliste<\/a><\/td>\n<\/tr>\n<tr class=\"row-4\">\n\t<td class=\"column-1\"><a href=\"http:\/\/jugend.ufra-schach.de\/index.php\/schulschach\/schulschach-20172018\/schulschach-20172018-wk-1\/#ss18rangwk1\" target=\"_blank\">Rangliste<\/a><\/td><td class=\"column-2\"><a href=\"http:\/\/jugend.ufra-schach.de\/index.php\/schulschach\/schulschach-20172018\/schulschach-20172018-wk-2\/#ss18rangwk2\" target=\"_blank\">Rangliste<\/a><\/td><td class=\"column-3\"><a href=\"http:\/\/jugend.ufra-schach.de\/index.php\/schulschach\/schulschach-20172018\/schulschach-20172018-wk-4\/#ss18rangwk4\" target=\"_blank\">Rangliste<\/a><\/td><td class=\"column-4\"><a href=\"http:\/\/jugend.ufra-schach.de\/index.php\/schulschach\/schulschach-20172018\/schulschach-20172018-wk-ms-m\/#ss18rangwkmsm\" target=\"_blank\">Rangliste<\/a><\/td><td class=\"column-5\"><a href=\"http:\/\/jugend.ufra-schach.de\/index.php\/schulschach\/schulschach-20172018\/schulschach-20172018-wk-gs\/#ss18rangwkgs\" target=\"_blank\">Rangliste<\/a><\/td>\n<\/tr>\n<tr class=\"row-5\">\n\t<td class=\"column-1\"><a href=\"http:\/\/jugend.ufra-schach.de\/index.php\/schulschach\/schulschach-20172018\/schulschach-20172018-wk-1\/#ss18rangaswk1\" target=\"_blank\">Rangliste alle Spieler<\/a><\/td><td class=\"column-2\"><a href=\"http:\/\/jugend.ufra-schach.de\/index.php\/schulschach\/schulschach-20172018\/schulschach-20172018-wk-2\/#ss18rangaswk2\" target=\"_blank\">Rangliste alle Spieler<\/a><\/td><td class=\"column-3\"><a href=\"http:\/\/jugend.ufra-schach.de\/index.php\/schulschach\/schulschach-20172018\/schulschach-20172018-wk-4\/#ss18rangaswk4\" target=\"_blank\">Rangliste  alle Spieler<\/a><\/td><td class=\"column-4\"><a href=\"http:\/\/jugend.ufra-schach.de\/index.php\/schulschach\/schulschach-20172018\/schulschach-20172018-wk-ms-m\/#ss18rangaswkmsm\" target=\"_blank\">Rangliste  alle Spieler<\/a><\/td><td class=\"column-5\"><a href=\"http:\/\/jugend.ufra-schach.de\/index.php\/schulschach\/schulschach-20172018\/schulschach-20172018-wk-gs\/#ss18rangaswkgs\" target=\"_blank\">Rangliste  alle Spieler<\/a><\/td>\n<\/tr>\n<\/tbody>\n<\/table>\n<!-- #tablepress-525 from cache --><\/p>\n<p><strong>Wertungsklassen<\/strong><br \/>\nWertungsklasse 1: Sch\u00fcler bis 12. Klasse<br \/>\nWertungsklasse 2: Jahrgang 2001 und j\u00fcnger<br \/>\nWertungsklasse 3: Jahrgang 2003 und j\u00fcnger<br \/>\nWertungsklasse 4: Jahrgang 2005 und j\u00fcnger<br \/>\nWertungsklasse M\u00e4dchen: Sch\u00fclerinnen bis 12. Klasse<br \/>\nWertungsklasse MS: Mittelschule\/Realschule<br \/>\nWertungsklasse Grundschule: Jahrgangsstufen 1 &#8211; 4<\/p>\n","protected":false},"excerpt":{"rendered":"<p>Unterfr\u00e4nkische Schulschachmeisterschaften &nbsp;&nbsp; Aschaffenburg &nbsp;&nbsp; 27.01.2018 &nbsp;&nbsp; Ausschreibung &nbsp;&nbsp; Ergebnisse Wertungsklassen Wertungsklasse 1: Sch\u00fcler bis 12. Klasse Wertungsklasse 2: Jahrgang 2001 und j\u00fcnger Wertungsklasse 3: Jahrgang 2003 und j\u00fcnger Wertungsklasse [&hellip;]<\/p>\n","protected":false},"author":1,"featured_media":0,"parent":372,"menu_order":0,"comment_status":"closed","ping_status":"closed","template":"","meta":{"footnotes":""},"class_list":["post-3719","page","type-page","status-publish","hentry"],"_links":{"self":[{"href":"https:\/\/jugend.ufra-schach.de\/index.php\/wp-json\/wp\/v2\/pages\/3719","targetHints":{"allow":["GET"]}}],"collection":[{"href":"https:\/\/jugend.ufra-schach.de\/index.php\/wp-json\/wp\/v2\/pages"}],"about":[{"href":"https:\/\/jugend.ufra-schach.de\/index.php\/wp-json\/wp\/v2\/types\/page"}],"author":[{"embeddable":true,"href":"https:\/\/jugend.ufra-schach.de\/index.php\/wp-json\/wp\/v2\/users\/1"}],"replies":[{"embeddable":true,"href":"https:\/\/jugend.ufra-schach.de\/index.php\/wp-json\/wp\/v2\/comments?post=3719"}],"version-history":[{"count":0,"href":"https:\/\/jugend.ufra-schach.de\/index.php\/wp-json\/wp\/v2\/pages\/3719\/revisions"}],"up":[{"embeddable":true,"href":"https:\/\/jugend.ufra-schach.de\/index.php\/wp-json\/wp\/v2\/pages\/372"}],"wp:attachment":[{"href":"https:\/\/jugend.ufra-schach.de\/index.php\/wp-json\/wp\/v2\/media?parent=3719"}],"curies":[{"name":"wp","href":"https:\/\/api.w.org\/{rel}","templated":true}]}}