{"id":10278,"date":"2023-12-17T18:06:22","date_gmt":"2023-12-17T17:06:22","guid":{"rendered":"https:\/\/jugend.ufra-schach.de\/?page_id=10278"},"modified":"2023-12-17T18:10:13","modified_gmt":"2023-12-17T17:10:13","slug":"schulschach-2023-2024","status":"publish","type":"page","link":"https:\/\/jugend.ufra-schach.de\/index.php\/schulschach\/schulschach-2023-2024\/","title":{"rendered":"Schulschach 2023\/2024"},"content":{"rendered":"\n<h3 class=\"wp-block-heading\">Unterfr\u00e4nkische Schulschachmeisterschaften <\/h3>\n\n\n\n<ul class=\"wp-block-list\"><li>M\u00fcnsterschwarzach<\/li><li>03.02.2024<\/li><li><a href=\"https:\/\/jugend.ufra-schach.de\/wp-content\/uploads\/2023\/06\/Unterfraenkische-Schulschachmeisterschaft.pdf\">Ausschreibung<\/a><\/li><li>Ergebnisse (ChessResults):<ul><li><a href=\"https:\/\/chess-results.com\/tnr844907.aspx?lan=0\">WK1<\/a><\/li><li><a href=\"https:\/\/chess-results.com\/tnr844908.aspx?lan=0\">WK2<\/a><\/li><li><a href=\"https:\/\/chess-results.com\/tnr844909.aspx?lan=0\">WK3<\/a><\/li><li><a href=\"https:\/\/chess-results.com\/tnr844910.aspx?lan=0\">WK4<\/a><\/li><li><a href=\"https:\/\/chess-results.com\/tnr844903.aspx?lan=0\">WK M\u00e4dchen<\/a><\/li><li><a href=\"https:\/\/chess-results.com\/tnr844906.aspx?lan=0\">WK MS<\/a><\/li><li><a href=\"https:\/\/chess-results.com\/tnr844912.aspx?lan=0\">WK Grundschule<\/a><\/li><\/ul><\/li><\/ul>\n\n\n\n<p><strong>Wertungsklassen (4er-Mannschaften mit max. 2 Ersatzspielern)<\/strong> <br>Wertungsklasse 1: Sch\u00fcler bis 12. Klasse, endet auf bayerischer Ebene<br>Wertungsklasse 2: Jahrgang 2006 und j\u00fcnger<br>Wertungsklasse 3: Jahrgang 2009 und j\u00fcnger<br>Wertungsklasse 4: Jahrgang 2011 und j\u00fcnger<br>Wertungsklasse M\u00e4dchen: Sch\u00fclerinnen bis 12. Klasse<br>Wertungsklasse MS: Mittelschule\/Realschule<br>Wertungsklasse Grundschule: Jahrgangsstufen 1 \u2013 4<\/p>\n","protected":false},"excerpt":{"rendered":"<p>Unterfr\u00e4nkische Schulschachmeisterschaften M\u00fcnsterschwarzach 03.02.2024 Ausschreibung Ergebnisse (ChessResults): WK1 WK2 WK3 WK4 WK M\u00e4dchen WK MS WK Grundschule Wertungsklassen (4er-Mannschaften mit max. 2 Ersatzspielern) Wertungsklasse 1: Sch\u00fcler bis 12. Klasse, endet [&hellip;]<\/p>\n","protected":false},"author":1,"featured_media":0,"parent":372,"menu_order":0,"comment_status":"closed","ping_status":"closed","template":"","meta":{"footnotes":""},"class_list":["post-10278","page","type-page","status-publish","hentry"],"_links":{"self":[{"href":"https:\/\/jugend.ufra-schach.de\/index.php\/wp-json\/wp\/v2\/pages\/10278","targetHints":{"allow":["GET"]}}],"collection":[{"href":"https:\/\/jugend.ufra-schach.de\/index.php\/wp-json\/wp\/v2\/pages"}],"about":[{"href":"https:\/\/jugend.ufra-schach.de\/index.php\/wp-json\/wp\/v2\/types\/page"}],"author":[{"embeddable":true,"href":"https:\/\/jugend.ufra-schach.de\/index.php\/wp-json\/wp\/v2\/users\/1"}],"replies":[{"embeddable":true,"href":"https:\/\/jugend.ufra-schach.de\/index.php\/wp-json\/wp\/v2\/comments?post=10278"}],"version-history":[{"count":0,"href":"https:\/\/jugend.ufra-schach.de\/index.php\/wp-json\/wp\/v2\/pages\/10278\/revisions"}],"up":[{"embeddable":true,"href":"https:\/\/jugend.ufra-schach.de\/index.php\/wp-json\/wp\/v2\/pages\/372"}],"wp:attachment":[{"href":"https:\/\/jugend.ufra-schach.de\/index.php\/wp-json\/wp\/v2\/media?parent=10278"}],"curies":[{"name":"wp","href":"https:\/\/api.w.org\/{rel}","templated":true}]}}